factors of w(-18).
5, 13
Suppose -s + 1083 = z + z, 25 = 5*z. What are the prime factors of s?
29, 37
Suppose -5*k = -13 - 27. Let w(x) = x**3 - 4*x**2 + 11*x**2 + 2*x + 6 - k. List the prime factors of w(-3).
2, 7
Suppose -5*a - 2*m + 10 = 0, 2*a + m - 1 = 2. Let c(k) = 2*k**2 + 2. What are the prime factors of c(a)?
2, 17
Suppose p = 103 + 232. Suppose -2*k = -7*k + 25, 0 = 4*s - k - p. What are the prime factors of s?
5, 17
Let d(a) = -37*a**3 - 16*a**2 - 34*a + 4. List the prime factors of d(-2).
2, 19
Suppose 0 = 2*m - 11 + 5. Suppose 8 = m*c - 4. Suppose 3*z + 47 = c*z. List the prime factors of z.
47
Let v = -45 + 92. Suppose 3*z + v = 4*z. Let i = -26 + z. List the prime factors of i.
3, 7
Let j(r) = -r**2 - 13*r + 9. Suppose 0 = 6*q + 18 + 24. What are the prime factors of j(q)?
3, 17
Let z = 35 + -42. Let r(k) = k**3 + 6*k**2 - 10*k - 2. What are the prime factors of r(z)?
19
Suppose 0 = -4*f + 3*f - 4*p + 6, p + 72 = 5*f. List the prime factors of f.
2, 7
What are the prime factors of (138/(-42) - -3) + 5842/14?
3, 139
Suppose 0 = 3*a + 2*a. Suppose 5*j - 218 - 112 = a. What are the prime factors of j?
2, 3, 11
Let u(s) = s**2 - 10*s - 9. Let g be u(11). Suppose 3*l - 2*v - 77 = 0, -34 = -2*l - g*v - v. Suppose 0 = n - 8 - l. What are the prime factors of n?
31
Suppose -4*k - 5*t + 2278 + 884 = 0, -t = -3*k + 2362. List the prime factors of k.
2, 197
Let a = -20 - -15. Let j(s) = s**3 + 4*s**2 - 5*s + 6. Let f be j(a). Suppose -5*g = -4*b - 2*g + 274, 3*g = f. What are the prime factors of b?
2, 5, 7
Suppose 5*q - q - 32 = 0. Let j be 2*((-3 - 15/6) + 4). What are the prime factors of (-9 + 3)/(j/q)?
2
Let f(q) = 2*q**2 - 15*q - 21. List the prime factors of f(12).
3, 29
Let k = -13 - -15. Suppose -28 = -k*c - 2*c. Suppose 2*a = c*a - 20, -b = 5*a - 49. What are the prime factors of b?
29
Suppose 0 = 4*b - 4*l - 540, 4*b + 2*l = 325 + 197. Suppose 0 = -0*k + 4*k + b. Let c = k + 58. List the prime factors of c.
5
Let o be (-2)/(2/3) - -8. Suppose 0 = 4*k + o*y - 158, -3*k + 116 = 2*y + 3*y. What are the prime factors of k + (-4 + -2)/3?
2, 5
Suppose 0 = 2*i + 2*v - v - 4, -2*v - 8 = 0. Suppose 0*t - 826 = -5*c - 4*t, 632 = i*c - 4*t. List the prime factors of c.
2, 3
Let i(l) = 6*l**3 - 11*l**2 + 7*l + 5. Let f(v) = 7*v**3 - 12*v**2 + 6*v + 5. Let o(w) = -3*f(w) + 4*i(w). List the prime factors of o(5).
2, 5, 23
Let l = 8 - 3. Let r = l - 1. Let t(p) = -p**3 + 6*p**2 - 3*p - 2. List the prime factors of t(r).
2, 3
Let n = -18 - -21. Let p be (-56)/(-10) + n/(-5). Suppose 4*i = -p*d + 177, 2*i - 150 = -i + 2*d. What are the prime factors of i?
2, 3
Let v = 3316 - 2153. List the prime factors of v.
1163
Let t = 841 + -477. List the prime factors of t.
2, 7, 13
Let o(q) be the first derivative of q**4/6 + q**2/2 - q + 1. Let x(b) be the first derivative of o(b). What are the prime factors of x(-2)?
3
Suppose 99 + 11 = 2*f - 3*v, 5*f = -5*v + 225. Suppose -76 = -0*w + 3*w - 4*p, -3*p + f = -2*w. Let a = 75 + w. List the prime factors of a.
43
Suppose -5*z + 5*m = -25, -4*z + 2*m = -7*z. Suppose z*c + 4*f = 24, -5*f = -5*c - 2*f - 5. Suppose c*a = -0*a + 104. What are the prime factors of a?
2, 13
Let d(t) = -2*t**2 - t + 4. Let x be d(-4). Let s = x + 47. What are the prime factors of s?
23
Let h be 18*3*6/(-27). List the prime factors of (-4)/(38/h - -3).
2, 3
Let h(z) = 6*z**2 - 11*z - 89. What are the prime factors of h(9)?
2, 149
What are the prime factors of (242 - -80) + -1*(-1 - 0)?
17, 19
What are the prime factors of (1113/14 - 8)*(-1 - -7)?
3, 11, 13
What are the prime factors of (4 + (-66)/18)/(1/1917)?
3, 71
Let m = -10 - -34. Suppose -2*o - 2*o = -m. What are the prime factors of o?
2, 3
Let t be (6/18)/((-2)/6). Let c be (1 + t)*(3 - 2). Suppose c = 3*o - 46 + 7. List the prime factors of o.
13
Let d = 4 + 8. Suppose -x = x + d. Let t(z) = -z**3 - 4*z**2 + 6*z + 6. What are the prime factors of t(x)?
2, 3, 7
Let i(a) = a**3 - 4*a**2 + a + 9. Let f be i(4). Suppose 14*n = f*n + 331. List the prime factors of n.
331
Let y = 171 - 102. What are the prime factors of y?
3, 23
Let z(p) = -121*p - 165. What are the prime factors of z(-5)?
2, 5, 11
Let g = 194 + -192. Let p(d) = d**3 + d**2 - d + 1. Let b(r) = 3*r**3 + 2*r**2 - r + 2. Let f(x) = 2*b(x) - 4*p(x). What are the prime factors of f(g)?
2, 5
Let w(d) = -40*d - 33. What are the prime factors of w(-2)?
47
Suppose 5*v - 24 = -4. Let x(q) = 0*q**2 - v*q + 3*q + q**2 - 4 + 3. What are the prime factors of x(3)?
5
Let u(b) = b**2 - 3*b - 1. Let a = -4 + -4. Let d = a + 12. List the prime factors of u(d).
3
Suppose 8*y = -5*y + 156. Let k be (2/(-5))/(2/(-20)). Suppose -3*o + 65 = 4*r + y, 0 = -k*o - 2*r + 64. List the prime factors of o.
3, 5
Suppose -2*c + 5*o + 40 = 2*c, -4*c + 4*o = -36. Suppose 1108 = 5*d - 2*n, 1084 = c*d - n + 5*n. What are the prime factors of d?
2, 5, 11
Suppose 5*a - 11361 = -4*u, 5*u = -12*a + 11*a + 14175. What are the prime factors of u?
2, 13, 109
Suppose -141 + 580 = w. List the prime factors of w.
439
List the prime factors of (-24)/(-42) + (-122)/(-7).
2, 3
Let k(p) be the second derivative of p**5/20 - 7*p**4/12 - 5*p**3/3 - 21*p**2/2 - 21*p. List the prime factors of k(9).
3, 17
Let u(c) = -c**3 + 8*c**2 + 10*c - 8. Let w be u(9). Let l = w + -4. What are the prime factors of 1/((0 - l)/42)?
2, 7
Let l(z) = -2*z - 3. Let o(i) = -2*i - 2. Let t(x) = 3*l(x) - 2*o(x). Let d be t(-11). Let s = -7 + d. What are the prime factors of s?
2, 5
Let t = -9 + 11. Suppose -4*o - 35 = -5*z + 9, 0 = -t*o - 2*z - 40. Let j = 24 + o. What are the prime factors of j?
2
Let r be -1*6*(-21)/(-6). Let d(i) = 4*i**2 - i - 9. Let w be d(-3). Let x = r + w. List the prime factors of x.
3
Suppose 0 = -5*t + 21 - 86. Let g(n) = n**3 + 13*n**2 - 3*n - 6. List the prime factors of g(t).
3, 11
Let z(a) = a**3 - 8*a**2 - 2*a - 8. Let y be z(8). Let h = 5 - y. List the prime factors of h.
29
Let v(k) = -7*k**3 + 5*k**2 + 20*k + 51. What are the prime factors of v(-5)?
3, 317
Let s = 441 + -122. What are the prime factors of s?
11, 29
Let u(r) = r**3 - r**2 - 23*r + 28. List the prime factors of u(10).
2, 349
Suppose 3*y = 4*f - 2949, y + 2 = -1. List the prime factors of f.
3, 5, 7
Let r(x) = -x**2 + 53*x + 2. What are the prime factors of r(13)?
2, 3, 29
Suppose -i - 3*l - 31 = -8, l - 66 = 4*i. Let q = i + 59. List the prime factors of q.
2, 3, 7
Let q = -1508 + 1655. List the prime factors of q.
3, 7
Suppose x = 5*x - 3*v, -4*v = 4*x. Suppose 0 = r - n - x*n - 49, -10 = 2*n. Suppose -4*a = 4, -3*a = -4*c + 59 + r. What are the prime factors of c?
5
Let j(q) = -q**2 + 3*q + 7. Let z be j(4). Suppose 4*c - 3*u = 312, 284 = 4*c + z*u + u. What are the prime factors of c?
3, 5
Let i = 24 - 11. Suppose i*j = 8*j + 170. What are the prime factors of j?
2, 17
Let q(i) = i**2 - 2*i - 17. Suppose 3*t - 3*w - 9 = -0*w, 5*t - 3*w = 21. What are the prime factors of q(t)?
7
Suppose 2*d = -2 + 26. Let h(p) = 3*p - 22. Let l be h(10). Let b = d - l. List the prime factors of b.
2
Let x = -567 + 1087. List the prime factors of x.
2, 5, 13
Let b(w) = -w**3 + w**2 + w + 173. Suppose 2*k = 5*k. What are the prime factors of b(k)?
173
Suppose -59 = -5*a + 11. Let g be (-1 + -9)*a/(-35). Suppose 0 = 2*c + 2*j - 50, c + g*j = 5*c - 132. List the prime factors of c.
29
Let n(p) = 95*p + 287. List the prime factors of n(13).
2, 761
Let a(o) = -39*o + 8. Let i be a(-8). Let l = -221 + i. What are the prime factors of l?
3, 11
Suppose -5*v - 12301 = -8*d + 4*d, -5*v = -15. List the prime factors of d.
3079
Let p(r) be the third derivative of 7*r**6/60 + r**5/30 - r**3/2 + 5*r**2. What are the prime factors of p(2)?
3, 13
Let p(f) = f + 1. Let c(w) = 121*w**2 - 9*w - 7. Let a(u) = c(u) + 6*p(u). What are the prime factors of a(-1)?
3, 41
Suppose 0 = 5*w - 83 - 37. Suppose -w = -5*s + 21. List the prime factors of s.
3
Suppose -4*a - 2*j = -0*j - 4884, 4*j = -5*a + 6102. What are the prime factors of a?
2, 13, 47
List the prime factors of 4/((-4)/(-5)) + -1 + 28.
2
Let l(w) = w**3 + 3*w**2 - 2*w + 9. Suppose 3*i + 3*j + 12 = 7*j, 0 = -5*i + j - 20. Let z be l(i). Suppose -3 = -g + z. List the prime factors of g.
2
Let z(w) = -52*w - 36. What are the prime factors of z(-7)?
2, 41
Let j(l) = 